) is divided by 14 + o - (2 - 1).
12
Suppose -84 = -4*o + 48. Suppose 11*w = 12*w - 65. Calculate the remainder when o is divided by 13/w + (-88)/(-10).
6
Suppose -53*l = -61*l + 1008. Calculate the remainder when 752 is divided by l.
122
Let d(s) = -4*s**2 - 10*s - 19. Let n(k) = k**2 + 3*k + 6. Let q(l) = -2*d(l) - 7*n(l). What is the remainder when q(4) is divided by 3?
2
What is the remainder when 246 is divided by 39/(-26)*76/(-6)?
18
Let g = 20 - 16. Suppose -5*v = -3*l + 8, 0*v - g*v + 2 = -l. Suppose -w + 4 = -l. Calculate the remainder when 19 is divided by w.
9
Suppose 3*t = 126 - 54. Suppose 2*n + t - 154 = 0. Suppose -n = -x - 4*l, x - 28 - 10 = 5*l. What is the remainder when x is divided by 14?
11
What is the remainder when (136/(-12))/((-16)/48) is divided by 35/4 - (-1)/4?
7
Suppose -6*j = -2*j - 124. Let g = -32 - -27. Calculate the remainder when j is divided by g - 255/(-20) - 2/(-8).
7
Suppose p = 1 + 2. Suppose -5*x + 11 = c, p*c - 25 - 8 = -x. Suppose 0 = 2*z - c + 1. Calculate the remainder when 19 is divided by z.
4
Let f(v) = 10*v**2 + 3 - 2 - 1. What is the remainder when (560/(-50))/(5/((-25)/2)) is divided by f(1)?
8
Suppose -15*v = -17*v + 6. Suppose -3*y + 30 = v*u - 12, 2*y - 58 = -5*u. What is the remainder when u is divided by (-1 + -2)/((-1)/2)?
4
Suppose -10 = -2*o + 18. Calculate the remainder when 55 + (6/2 - 3) is divided by o.
13
Let v = 260 + -225. What is the remainder when 39 is divided by v?
4
Suppose -5*g + 10 = -5. Suppose 4 = g*p - p. Suppose -272 + 419 = 21*y. Calculate the remainder when y is divided by p.
1
Let x be (27/12)/(9/(-264)). Let t = -38 - x. Let u = t + -18. What is the remainder when 38 is divided by u?
8
Let p be (-1)/((-485)/240 + 2). Suppose 0 = -2*l + 3*h + 32, -4*l - 14*h + 12*h = -p. Calculate the remainder when 50 is divided by l.
11
Let d(h) = 2*h**2 - 2*h + 4. Suppose 0 = -q - 3*c, 2*c = 2*q - 0*c + 8. Let b = 56 - -27. What is the remainder when b is divided by d(q)?
27
Let f(s) = s**3 + 6*s**2 - 5*s - 5. Let k be f(-5). Suppose -4*i = i - k. Let r(y) = -y**3 - 4*y**2 - 2*y - 3. What is the remainder when i is divided by r(-4)?
4
Suppose -348 = 57*u - 69*u. Calculate the remainder when 65 is divided by u.
7
Let o = 9 - 0. Let d be -3*(-2 - (-4 - -7)). Calculate the remainder when 444/30 + 3/d is divided by o.
6
Let s(i) = 4*i**2 - 23*i - 1. Let q be s(6). Suppose -4*p - 5*o + 6*o + 505 = 0, 3*o = q*p - 640. Calculate the remainder when p is divided by 32.
29
Let h(o) = -o**3 - 8*o**2 - o - 3. Let w be (-126)/15 + (-4)/(-10). Let i be h(w). Calculate the remainder when 3 is divided by 4 - (i - 2/1).
0
Let x = -10 + 25. Suppose -3*z = -1 - 128. What is the remainder when (2 - 0) + -2 + z is divided by x?
13
Let t = 156 + -75. Calculate the remainder when t is divided by 18.
9
Let z be (-18)/(-1)*4/(-8). What is the remainder when (-2)/6*-1 - 1077/z is divided by 32?
24
Let j(n) = n**2 - 2*n - 37. What is the remainder when 48 is divided by j(8)?
4
Let c be (4 - (0 - -6))*-10. Suppose 0 = -3*r + 5*u + c + 272, 3*r - 4*u = 290. Suppose -4*y + 66 = -r. What is the remainder when y is divided by 11?
7
Let k(t) = -t**2 - 10*t - 16. Let d be k(-7). Suppose 2*c = 4*v - 146, -31 - 33 = -v - d*c. What is the remainder when 153 is divided by v?
36
Suppose 4 - 17 = -u. Let a be ((-9)/3 - -3)/(-1*2). Suppose 0 = -a*l + 2*l - 10. Calculate the remainder when u is divided by l.
3
Let c = -779 + 797. Calculate the remainder when 285 is divided by c.
15
Let v be -1*(16/(-24) + 24/9). Let x(g) = -g. Let f be x(6). What is the remainder when (v/f)/(2/126) is divided by 6?
3
Let g = 1203 + -1108. What is the remainder when g is divided by 1?
0
Suppose -5*l + 20 = -0*l. Suppose -l*x - 3*r = -9, 11 = x - 2*r + r. Let m(f) = -6*f - 1. Calculate the remainder when m(-3) is divided by x.
5
Let u be 3*(-2)/(-27) + 1470/189. Let q(j) = 13*j - 15. Calculate the remainder when q(u) is divided by 10.
9
Calculate the remainder when 1041/6 + ((-21)/6)/(-7) is divided by 8.
6
Let l = 2 + 18. Let j be 4/(-18) - (-7352)/36. Let o = j + -145. What is the remainder when o is divided by l?
19
Suppose 3*m - 94 = m. Calculate the remainder when 180 is divided by m.
39
Suppose -78 = -4*r + 94. Let k(g) be the second derivative of g**3/3 + 3*g**2/2 - 3*g. What is the remainder when r is divided by k(6)?
13
Suppose 0 = -8*d + 1716 + 204. Suppose 2*t - 5*m - d = -m, 3*t - 340 = -4*m. What is the remainder when t is divided by 30?
26
Let v(g) = 100*g**2 - 4*g. Calculate the remainder when 362 is divided by v(1).
74
Suppose 12 = -23*j + 26*j. Calculate the remainder when 129 is divided by -3*(-44)/(0 + j).
30
Let d(h) = -32*h - 212. Calculate the remainder when d(-11) is divided by 49.
42
Let z be (15/6)/(-5)*8. Let m(l) = 2*l**2 + 5*l - 1. What is the remainder when m(-4) is divided by z*12/(-16) - -1?
3
Let d(a) be the first derivative of -a**4/4 - 4*a**3/3 + 9*a**2/2 + 12*a - 31. What is the remainder when d(-6) is divided by 8?
6
What is the remainder when 2/10 + (12792/(-65))/(-6) is divided by 23?
10
Suppose 1 = 3*o - 50. What is the remainder when 185 is divided by o?
15
Suppose -5*a - 335 + 75 = 0. Let d = a + 111. Calculate the remainder when 176 is divided by d.
58
Let f(s) = -s - 13. Let p be f(-11). Let d be (14/(-21))/(p/36). Let z = 40 - d. What is the remainder when z is divided by 10?
8
Let g(y) = 9*y**2 - 7*y + 6. Calculate the remainder when 71 is divided by g(2).
15
Suppose 5*n + 2*f - 20 = 4*f, -5*f = -25. Let p(g) = 3*g**3 + g**2 - 2. Calculate the remainder when n is divided by p(1).
0
Let v(c) = 48*c - 24. What is the remainder when 44 is divided by v(1)?
20
Let m = 92 - 69. Suppose 5*s - 6 = 9. Let k(r) = -r**3 + 3*r**2 + 3*r + 4. What is the remainder when m is divided by k(s)?
10
Let a(b) = -28*b + 2. What is the remainder when a(-4) is divided by ((-290)/174)/(5/(-87))?
27
Let p be 7 + 3/((-1)/1). Suppose 3*v = 0, -p*s + 304 = -8*v + 9*v. What is the remainder when s is divided by 10?
6
Suppose 35*k - 40*k + 4*j + 1155 = 0, 3*k - j - 700 = 0. What is the remainder when k is divided by 16?
11
Suppose 4*w - 2*w = 16. Calculate the remainder when ((2538/(-36))/(-47))/(1/18) is divided by w.
3
Suppose -2*f + f - b + 17 = 0, f + 3*b = 17. Calculate the remainder when ((-1209)/(-24) - 19/38) + (-1)/(-8) is divided by f.
16
Suppose 3*b + 5*r = 161, 30*r - 8 = 28*r. Calculate the remainder when 200 is divided by b.
12
Let k = 93 - 14. What is the remainder when k is divided by 20?
19
Let o = -2644 + 2676. Calculate the remainder when 2/(-1 - -2) + 93 is divided by o.
31
Calculate the remainder when 149 is divided by (-3)/(-12)*-1 - 414/(-24).
13
Let o be (-6)/4*(-10)/(-5). Let r = -7 - o. What is the remainder when 19 is divided by (r/5)/((-16)/200)?
9
Suppose -18 = -4*l + 2*v + 4, -5*l = 5*v + 10. Let r be (63/(-12))/((-3)/8). Calculate the remainder when (r/l)/((-4)/(-30)) is divided by 19.
16
Let g = 854 - 418. Calculate the remainder when g is divided by 20.
16
Suppose 0 = -3*w - 7*v + 3*v + 159, -5*w = -5*v - 230. Suppose -6*z - 7 + w = 0. Calculate the remainder when 19 is divided by z.
5
Let m = 6 - -4. Let n be (m/6)/(11/792). Suppose 3*l + n = 8*l. Calculate the remainder when l is divided by 7.
3
Suppose 27 = 5*w + 12. Suppose -w*p = -p - 18. What is the remainder when 26 is divided by p?
8
Let u(v) = 6*v. Suppose d + 37 = 3*g, 0*d + 47 = 3*g + 4*d. Suppose 0*y - g = -y. Calculate the remainder when u(6) is divided by y.
10
Suppose -3*g - 3*g = -24. Suppose 0 = 2*d - 3*i - 71, 2*d - 4*d + 78 = g*i. Calculate the remainder when 71 is divided by d.
34
Let v(w) = w**3 - 6*w**2 + 13*w. Let z be v(6). Let u = z + -15. What is the remainder when u is divided by 23?
17
Suppose 2*h - 4 = 36. Let d be (-4)/h + (-78)/10. Calculate the remainder when (-206*4/d)/1 is divided by 35.
33
Let a be (112/10)/((-1)/5). Let n = 14 - a. Calculate the remainder when n is divided by 15.
10
Let r(y) = 4*y**2 + 34*y + 19. What is the remainder when r(-10) is divided by 21?
16
Suppose 4*m + 13 = 9. What is the remainder when 29 is divided by 1/((-9)/15*m/3)?
4
Let w = 10 + -10. Suppose 4*u - 5*c = -161, 4*u = -w*c + 2*c - 146. Let j = 47 + u. What is the remainder when 36 is divided by j?
10
Suppose 3*b + 2*k - 